 k(g) = 2*g + 81. Suppose 14*i - 11*i = -21. Let h = 6 - -11. What is the remainder when k(i) is divided by h?
16
Suppose -4*s + 8*f = 6*f - 14, -5*f = -s + 8. Suppose -5*g - 16 = -4*q, -3*g + 4 = q - 0*g. Calculate the remainder when q is divided by s.
1
Suppose 70 = 5*t - 3*t. Suppose 2*i - 75 = -2*i + 3*q, 4*i + 5*q - t = 0. Calculate the remainder when 15 is divided by (-1)/(3/(-16)) - (-10)/i.
3
Let o(w) = 3*w**2 + 119*w - 712. What is the remainder when 3956 is divided by o(-45)?
4
Suppose 15*i = 13*i + 54. Let k = -22 + i. Suppose -4*r - 5*m + 64 = -r, k*r = m + 60. Calculate the remainder when 22 is divided by r.
9
Let d = 3 - 9. Calculate the remainder when (-104)/d*(5 + -2) is divided by 2*((-14)/(-21) - 1) - 112/(-6).
16
Suppose 35 = 5*b - 170. Let i be 5/((-33)/(-154) - 2/(-7)). Let q = 16 - i. Calculate the remainder when b is divided by q.
5
What is the remainder when 72 is divided by 18/((-6)/(-108)*12)?
18
What is the remainder when (-21 - (11 - 3328)) + 0 is divided by 157?
156
Suppose 34*i + 17*i = -27*i + 53274. Calculate the remainder when i is divided by 249.
185
Let q = 13973 - 13841. Suppose 90 = -y + 3*y. What is the remainder when q is divided by y?
42
Calculate the remainder when 92 is divided by 89/(-8 - 9*(0 + -1)).
3
Suppose o - 14 = -2*w, -2*w - 24*o - 22 = -29*o. Calculate the remainder when (-119)/(-4) - 4/(-16) is divided by w.
2
Let a(t) = 12*t**2 - 9*t - 39. What is the remainder when a(-13) is divided by 62?
60
Let w(j) = 12*j**2 - 6*j + 5. Let r be w(-5). Suppose -93 = -4*c + r. Calculate the remainder when c is divided by 37.
33
Let l(p) = p**2 + 6*p - 38. Let w be l(-10). Suppose -5*o - 283 = -w*r, -5*r + 742 = 16*o - 17*o. What is the remainder when r is divided by 50?
49
Let y(n) = -64 + 29 - n + 2 + 1. Let q be y(-10). Let w = 7 - q. What is the remainder when w is divided by 5?
4
Let h(g) = 8*g**3 + 7*g**2 - 6*g - 23. Let n(t) = -7*t**3 - 6*t**2 + 6*t + 22. Let i(x) = 2*h(x) + 3*n(x). What is the remainder when 156 is divided by i(-2)?
28
Let d = 1349 + 1728. What is the remainder when d is divided by 20?
17
Let f = 375 + -372. Suppose f*m - 5*w + 13 = 0, -m + 19 = 5*w - 10. Calculate the remainder when 182 is divided by m.
2
Let f(b) = -b**3 + 13*b**2 + 10*b - 176. Suppose 2*a + 3*a - 175 = 0. What is the remainder when a is divided by f(4)?
3
Let s(l) = l**3 - 6*l**2 - 17*l + 8. Let z be s(8). Suppose z = 8*o - 0*o - 32. What is the remainder when 105 is divided by 8/2 - (-56)/o?
15
Let h(d) = -d**2 - 84*d - 1176. What is the remainder when 338 is divided by h(-20)?
26
What is the remainder when 0/(-2) + 10 + (-276978)/(-134) is divided by 2?
1
Suppose -463 = 5*n - 623. Calculate the remainder when n is divided by 14.
4
What is the remainder when (5 + -19)/((-18)/153) is divided by (5 - -1)/(4/20)?
29
Let o = -32 + 28. Let c = o + 61. What is the remainder when 107 is divided by c?
50
Suppose -51*w + 52*w - 25 = 0. What is the remainder when w is divided by (-7668)/(-1080) + 1/(-10)?
4
Let l = -2 - -190. Let x = l - 171. What is the remainder when 1/(60/58 - 1) is divided by x?
12
Suppose -3839 + 3665 = -6*n. Suppose -3*u - 198 = -5*u. Calculate the remainder when u is divided by n.
12
Let j(w) = -35*w - 220. Let m be j(-23). Let b = m + -551. What is the remainder when b is divided by 5?
4
Let b = -90 + 98. Calculate the remainder when 163 is divided by b - (-68)/(-8) - (-154)/4.
11
Let q(l) be the first derivative of l**2 + 4*l + 1. Suppose -3*a - 13*a - 320 = -960. What is the remainder when a is divided by q(5)?
12
Let r(i) = 18*i**2 + 5*i + 4. Let t(l) = -38 + 15*l**2 + 7*l**2 + 7*l - 21*l**2. What is the remainder when r(-3) is divided by t(-12)?
19
Suppose -19*m - 555 + 2377 = -3118. What is the remainder when m is divided by 83?
11
Let c = -3866 + 5042. What is the remainder when c is divided by 31?
29
Let i(w) = -w + 8. Let k be i(7). Suppose -56 = -4*f - 0*f - 5*g, 2*g + k = f. What is the remainder when 28 is divided by (f/5)/(9/30)?
4
Suppose 7*m - 5082 = -0*m. Suppose -m = -4*b - 2*x, -2*b - 5*x - 60 + 443 = 0. Calculate the remainder when b is divided by 18.
17
Suppose -28 = 39*b - 11*b. Let s(c) = c**2 - 8*c + 3. Calculate the remainder when 455 is divided by s(b).
11
Let u(n) = -n**2 - 38*n + 327. Suppose -1 = -5*w + 9. Suppose 5*q = -3*g - 8, -w*g + 9 = -q - 3. Calculate the remainder when u(7) is divided by g.
0
Let m = -41 - -99. Suppose -a + 3 + 13 = 4*s, 3*a + 2*s = m. Calculate the remainder when 158/5*((-220)/8)/(-11) is divided by a.
19
Let r(t) = 13*t - 662. Let n be 45/6*440/15. Let l = n - 145. What is the remainder when l is divided by r(53)?
21
Let n(x) = -3*x**3 - 62*x**2 - 61*x - 57. Let h(p) = -36*p**3 - 2*p - 1. What is the remainder when n(-20) is divided by h(-1)?
30
Suppose -3443*t + 1568 = -3429*t. Calculate the remainder when 451 is divided by t.
3
Let z(g) = 77*g**3 - 18*g**2 + 21*g - 3. Let r = -283 + 582. What is the remainder when r is divided by z(1)?
68
Let b = 8118 - 7959. What is the remainder when b is divided by 79?
1
Suppose 31 = 2*y + 11. Let g(o) = -2*o**3 + 7*o**2 + 18*o - 8. What is the remainder when y is divided by g(5)?
3
Suppose 5882*h - 5883*h = -27. Calculate the remainder when 530 is divided by h.
17
Suppose 2*h - 5 = 13. Let g = -13338 + 13514. What is the remainder when g is divided by h?
5
Suppose 336*r = 49*r + 454034. Calculate the remainder when r is divided by 68.
18
Let r(m) = -93*m**2 + 4280*m - 66. Let t = -160 + 469. What is the remainder when t is divided by r(46)?
23
Let p = -14 + 13. Let j(q) = -38*q + 1. Let g = -2538 - -2549. Calculate the remainder when j(p) is divided by g.
6
Suppose 4*j = -0*j + 76. Suppose w - j = -1. Let b(s) = -34*s - 139. What is the remainder when b(-5) is divided by w?
13
Let m(i) = 15*i + 24. Let v be m(4). Suppose 12 = -v*u + 85*u. What is the remainder when u is divided by 9?
3
Suppose 0 = 5*t - 4*t - 9. Suppose -155 = -4*h + 269. Suppose 371 - h = 5*g. Calculate the remainder when g is divided by t.
8
Calculate the remainder when 249 is divided by 68/(-4) + 7 + 95.
79
Suppose 108 = 4*x + 2*b, 67*x + 62 = 69*x + 3*b. What is the remainder when 10769 is divided by x?
19
Suppose -5*z - 483 = 31*m - 34*m, 4*m = z + 661. Calculate the remainder when 328 is divided by m.
162
Suppose d = -5*y + 526 + 2001, 4*d + y = 10241. Calculate the remainder when d is divided by 16.
2
Let x = -397 - -404. What is the remainder when 111 is divided by x?
6
Suppose 0 = 134*k - 136*k - 114. Suppose -2*h + z + 46 = 2*z, h = 2*z + 23. Calculate the remainder when 85 + (k/38)/(3/(-8)) is divided by h.
20
Let m = 717 - 1010. Let d = 332 + m. Calculate the remainder when d is divided by 14.
11
Let o = 5023 + -3272. Let h = 1795 - o. Let p = 45 + -21. Calculate the remainder when h is divided by p.
20
Let j = -2194 - -3043. Calculate the remainder when j is divided by 35.
9
Suppose 3*j + 40*g = 42*g + 711, 3*g - 9 = 0. Let a(z) = -47*z**3 + 2*z**2 + 3*z + 2. Calculate the remainder when j is divided by a(-1).
47
Suppose -19*n = -8*l - 22*n + 476, -282 = -5*l + 2*n. Calculate the remainder when 395 is divided by l.
47
Suppose -24 = -4*b + 2*b. Let p = 18 - b. Let n(z) = 4*z - 90. What is the remainder when n(27) is divided by p?
0
Let k(s) = 5*s**2 - 63*s - 19. What is the remainder when k(17) is divided by 123?
109
Let n be 28 - (-6 + (9 - 2)). Suppose -n = 5*s - 97. What is the remainder when 83 is divided by s?
13
Let f = -231 + 235. Suppose -f*s = 12*s - 400. Calculate the remainder when 398 is divided by s.
23
Let b(q) be the first derivative of -7 + 3*q - 9/2*q**2. What is the remainder when b(-16) is divided by 37?
36
Let m(r) = r**3 - 16*r**2 - 41*r + 13. Let t be m(18). Let i = t - -78. Calculate the remainder when 3 is divided by i.
0
Let t be 5/(-10)*-2 - -1. Suppose -5*q + 9*q + 4*i = 516, -t*q + 3*i = -273. Calculate the remainder when q is divided by 8.
4
Let z(s) = 550*s**2 - 95*s - 8. What is the remainder when z(-3) is divided by 48?
43
Let k(b) = -40*b + 1157. What is the remainder when k(-24) is divided by 193?
187
Suppose -753024 = -182*z + 3633722. What is the remainder when z is divided by 17?
14
Let d = 14 + 95. Suppose 0 = -4*o + 5*o - 10. What is the remainder when d is divided by o?
9
Let x be 